nits digit of w?
4
Let t(q) = -3*q**2 + 6*q - 2. Let b(n) = n**2 - n + 1. Let o(m) = 4*b(m) + t(m). What is the tens digit of o(-5)?
1
Suppose -5*c = -6*c + 66. What is the units digit of c?
6
Let l(f) = -7*f - 21. What is the tens digit of l(-7)?
2
Let c = 9 + 19. What is the tens digit of c?
2
Suppose 2 = -2*t + 4, -2*y - 3*t - 27 = 0. What is the units digit of (-2 - -67)*(-9)/y?
9
Suppose 9 = 4*z - 7. Suppose 3*o = -t + 52, 0*t = -z*o + 3*t + 91. What is the tens digit of o?
1
Let w = -3 - -5. Let b(s) = 11*s - 3. What is the units digit of b(w)?
9
Let c be 2/(-1)*(-66)/4. Let k = c - -5. What is the tens digit of k?
3
Suppose -5*g + 8 = -7. What is the units digit of ((-18)/4)/(g/(-4))?
6
Suppose -2 = 5*c - 12. Suppose -c*j = 46 + 36. Let o = -23 - j. What is the units digit of o?
8
Suppose 0*b - 4*b + 176 = 0. Let q = -26 + b. What is the units digit of q?
8
Let w(n) = 2*n - 6. Let i be w(5). Suppose -5 = i*y - 5*y. Suppose g - y*v - 3 = -4*v, -15 = -3*g - 3*v. What is the units digit of g?
4
Let j(h) be the second derivative of 5*h**4/12 + h**3/6 - 2*h**2 - 6*h. What is the tens digit of j(-3)?
3
Let n(o) = -o**3 - 8*o**2 - 6*o + 10. Suppose 5*d - 19 = 3*z - z, 3*d = -5*z - 32. Let k be n(z). Suppose 76 = k*t + 28. What is the units digit of t?
6
Suppose -2*w + 7*w = 3*q + 1146, -2*q - 1144 = -5*w. What is the units digit of w?
8
Suppose -m + 3*f = 8*f - 20, 4*m = -f + 23. What is the units digit of m?
5
What is the units digit of -2 - (-1 - 41) - 3?
7
Let a(g) = 2*g + 6. Let m be -3*(-2)/(4 - 3). What is the units digit of a(m)?
8
Suppose 97 = 4*c - s, 9*c - 6*c - s = 73. What is the tens digit of c?
2
Suppose 2*l - 5 = 7. What is the units digit of l?
6
Let k(t) = 3*t**2 + t + 4. Let b be k(-3). Let i = 40 - b. What is the tens digit of i?
1
Suppose 3*w + w = 5*r + 15, -5*r + 55 = 3*w. Let d = -5 + w. What is the units digit of d?
5
Suppose 0 = 4*a + k + 62, -2*k = -4 - 0. Let x = a + 32. What is the tens digit of x?
1
Suppose 0*r + 4 = 2*r. Suppose 3*l + 3*q = 24, -39 = -5*l - 2*q - r*q. What is the units digit of l?
7
Let h be (-2)/3*(-18)/4. Let r = 3 - h. Suppose 0*a + a - 3 = r. What is the units digit of a?
3
What is the hundreds digit of 8/(-16) - 331/(-2)?
1
Let j be -2 - ((-3)/(-3) + 1). What is the units digit of -1*1 + j + 8?
3
Suppose 4*n = 3*w + 26, 7*w = 5*n + 5*w - 36. Let a(s) = -3 + 0*s + 0 + n - s. What is the units digit of a(0)?
5
Let p(q) = -q + 7 - 3 + 2*q + 3. Let g(l) = 2*l + 13. Let n(a) = 4*g(a) - 7*p(a). What is the units digit of n(4)?
7
Let z(j) = 5*j - 3. Let x be z(3). Let r = 17 - x. What is the units digit of r?
5
Let b be (-93)/(-9) + 2/3. Let w be 2/b - 258/(-33). Suppose 5*c = 4*c + w. What is the units digit of c?
8
Let i = 17 + -14. What is the units digit of i?
3
What is the tens digit of (-1634)/(-14) + (96/42)/8?
1
Let v = -39 + 49. What is the units digit of v?
0
Suppose -t + 33 = 2*n - 53, 168 = 2*t + 5*n. What is the units digit of t?
4
Let j(r) = r**2 + 4*r + 2. Let y be j(4). Suppose -86 = -5*z + y. What is the tens digit of z?
2
Let o be (0/2 + 1)*5. Suppose o = -3*x - 10. Let r(f) = f + 6. What is the units digit of r(x)?
1
Let a be 1*-7*(-6)/7. Suppose 2*f - 3*f - a = 0. What is the units digit of 4/f*(-45)/6?
5
Let h = -26 - -18. Let w(d) = d**2 + 7*d - 5. Let v be w(h). Suppose -1 = v*x - 16. What is the units digit of x?
5
Suppose -210 = -6*h + 372. What is the units digit of h?
7
Suppose 5*b + 483 = 3*w - 192, -5*b + 15 = 0. What is the tens digit of w?
3
Suppose 2*r = s + 6*r - 157, 2*s + 4*r = 306. What is the tens digit of s?
4
Let w be -2 + 2/(0 + -2). Let a = -5 - w. Let y = a - -6. What is the units digit of y?
4
Let j = 6 - 5. What is the units digit of 11 + j/((-2)/6)?
8
Suppose 0 = 2*g - 2 - 36. What is the tens digit of g?
1
Suppose -4*r = -s - 5, s - 4*r = 3*s - 14. Suppose 0 = s*c - 5 - 1. What is the units digit of c?
2
Suppose -5*q + 24 = -9*q. Let p = q + 13. What is the units digit of p?
7
Suppose -j - j = -4*w - 242, 5*j + 2*w - 641 = 0. What is the hundreds digit of j?
1
Let h = 27 + 11. What is the units digit of h?
8
Suppose -24 = 4*x - 0*x. Let q = 4 + x. What is the units digit of -18*((-8)/(-6) + q)?
2
Suppose 0*y = 2*y - 10. Suppose 10*f - y*f - 2 = -q, -3*f = -4*q + 77. What is the units digit of q?
7
Suppose -2*y + 219 - 39 = 0. What is the tens digit of y?
9
Let r = 958 + -667. What is the hundreds digit of r?
2
Let y = 3 + 0. Suppose y*h - 4*i = -0*i + 10, -h - i + 8 = 0. What is the units digit of h?
6
Let i(d) = d**2 + d + 5. Let t be i(-5). Let w = -4 + t. What is the tens digit of w?
2
Let p(m) = m + 34. What is the tens digit of p(-11)?
2
Let s be (-12)/(-9)*(-63)/(-2). Let l be (1 + s + 0)/1. Suppose 4*g - l + 11 = 0. What is the units digit of g?
8
Let m = 9 + -4. Let v be 1/2*(m + 1). What is the units digit of 18/10 + v/15?
2
Let s = -9 + 11. What is the units digit of (-13)/(-2) - s/(-4)?
7
Suppose 0 = 3*l - 12, -4*l + 208 = -k + 4*k. What is the units digit of k/6 - (-2)/6?
1
Suppose 12 = 4*a - 2*a. Let r = a + -5. What is the units digit of r?
1
Suppose 0 = 4*n - 16, 5*h = h - 2*n + 12. Suppose -3*y = 2*w - 14, -29 = -5*y - 5*w + h. Suppose 0 = -y*g + 6 - 4. What is the units digit of g?
1
What is the tens digit of (-1 + 32)*(0 - -1)?
3
Suppose -15*u - 618 = -17*u. What is the hundreds digit of u?
3
Suppose 3*d = 13 + 8. What is the units digit of d?
7
Suppose -u - 5*p - 2 - 4 = 0, 2*p = -2. What is the tens digit of (-14)/(u*(2 - 1))?
1
Let v = -10 + 50. What is the units digit of v?
0
Suppose 3*o - 68 = 2*o. What is the tens digit of o?
6
Let j = 14 + 10. What is the units digit of j?
4
What is the tens digit of 20 - (-3)/(-3) - 0?
1
Suppose -g + 132 = 5*b - 51, b = g + 33. Suppose 3*x - 2*c = -0*c + b, 2*x = -5*c + 5. What is the units digit of x?
0
What is the tens digit of ((-1)/(-2))/(3*5/1230)?
4
Let v(c) = c**3 - c**2 + 3*c - 3. Let z be v(2). Let y = 25 - z. Let n = y + -12. What is the units digit of n?
6
Let f(r) = -r**3 + 2. Let s be f(0). Let d = 42 - s. Suppose 4 = 4*v - 2*x - 3*x, d = 4*v + 4*x. What is the units digit of v?
6
Suppose 11 + 11 = i. Suppose -i = -2*q + 5*s, q + 1 - 3 = -2*s. Suppose 5*r + q = x - 0*x, -2*x + 2*r = -20. What is the tens digit of x?
1
Let t(i) = -9*i**2 + 14*i - 5. Let j(h) = -4*h**2 + 7*h - 3. Let q(y) = 7*j(y) - 3*t(y). What is the units digit of q(5)?
4
Let t be (-1)/(-2)*(-5 - -11). Suppose 0 = -t*y - y. Suppose s - 8 - 5 = y. What is the tens digit of s?
1
Suppose 5*r + 24 = 7*r. What is the units digit of 56/r + 1/3?
5
Let c(z) = -6*z + 1. Let f be c(1). Suppose -4*i = -0*i - 48. Let o = f + i. What is the units digit of o?
7
Suppose -6*n + 21 = -3. Suppose -5*z - 125 = -5*j, 2*j + 3*z = n*z + 47. What is the tens digit of j?
2
Let l(a) = 2*a + a**3 - 3 - 4*a + a**2 + a - a. Let d be l(-2). Let c(z) = -z**3 - 2*z**2 + z + 2. What is the units digit of c(d)?
8
Suppose -h + 3*h + 14 = -2*q, h + 3 = 0. Let w = q - -5. What is the units digit of w?
1
Let l be ((-4)/(-10))/((-4)/(-20)). Suppose -2*w + 3*i - l*i = 2, 0 = -i. Let a(n) = -8*n**3 + 1. What is the units digit of a(w)?
9
Let d = -21 + 15. Let p = d - -15. Let v = 18 - p. What is the units digit of v?
9
Let a(q) = -4*q**3 - 11*q**2 + q + 1. Let l(x) = 2*x**3 + 6*x**2. Let y(c) = -3*a(c) - 5*l(c). Let s be y(-3). Let z = -13 - s. What is the units digit of z?
8
Suppose -5*o = -o. Suppose 66 = 3*u + z, 9 = u - 4*z - o. What is the units digit of u?
1
Let r(x) = 8*x - 1. Let y be r(2). Suppose m - 2*q - y = 0, 0*q - q = -2. What is the units digit of m?
9
Let z be (-1)/(2*1/(-12)). Let g(x) = 5*x**2 - x**3 + 8*x + 0*x + 7 + 2*x - 4*x. What is the units digit of g(z)?
7
Suppose 0*j + 5*j = 490. What is the units digit of 2/6 + j/21?
5
Let z(c) = -c**2 + 10*c - 1. Let h be z(11). Let f be (-1 - 2) + (-66)/(-11). What is the units digit of f/h + (-18)/(-8)?
2
Let h(n) = n**3 - 2*n - 3. Let l be h(3). Suppose -d + 3*v + l = 0, -v + 0 = 3. What is the units digit of d?
9
Let j(l) = -l**2 - 19*l - 9. What is the tens digit of j(-7)?
7
Let c be 21/(-6)*(-1 - -3). Let i(s) = s**2 + 4*s - 1. What is the units digit of i(c)?
0
Let s(j) = -5*j**2 + 3*j - 6. Let z(o) = o**2 - o. Let p(y) = -s(y) - 4*z(y). What is the units digit of p(0)?
6
Let f be